{"id":555,"date":"2019-06-14T18:22:39","date_gmt":"2019-06-14T22:22:39","guid":{"rendered":"http:\/\/www.jsmassicotte.com\/lappeldelaventure\/?page_id=555"},"modified":"2020-01-14T11:21:21","modified_gmt":"2020-01-14T15:21:21","slug":"a-propos","status":"publish","type":"page","link":"http:\/\/www.jsmassicotte.com\/lappeldelaventure\/a-propos\/","title":{"rendered":"\u00c0 propos"},"content":{"rendered":"\n<p class=\"has-drop-cap has-medium-font-size\"><em>L\u2019Appel de l\u2019aventure<\/em>, c\u2019est tout pour vous tenir inform\u00e9 et vous faire d\u00e9couvrir ce qui anime et fait vibrer la plan\u00e8te plein air.<\/p>\n\n\n\n<p>Actualit\u00e9s, exp\u00e9ditions, rencontres, petits et grands exploits sportifs d\u2019ici et d\u2019ailleurs, destinations, \u00e9quipements, activit\u00e9s et tendances. Vous serez tout simplement aux premi\u00e8res loges\u2026<\/p>\n\n\n\n<p>Un magazine en baladodiffusion produit et anim\u00e9 par&nbsp;<a href=\"http:\/\/jsmassicotte.com\/wppro2\/bio\/\" target=\"_blank\" rel=\"noreferrer noopener\" aria-label=\" (s\u2019ouvre dans un nouvel onglet)\">Jean-S\u00e9bastien Massicotte<\/a>, journaliste et chroniqueur plein air, et coanim\u00e9 par l\u2019aventurier&nbsp;<a rel=\"noreferrer noopener\" href=\"https:\/\/www.facebook.com\/sebastienlapierreaventurier\/\" target=\"_blank\">S\u00e9bastien Lapierre<\/a>.<\/p>\n\n\n\n<p>Bienvenue et bonne \u00e9coute!<\/p>\n\n\n\n<div class=\"wp-block-image\"><figure class=\"aligncenter\"><img loading=\"lazy\" decoding=\"async\" width=\"1024\" height=\"576\" src=\"http:\/\/www.jsmassicotte.com\/lappeldelaventure\/wp-content\/uploads\/2019\/05\/GPTempDownload-5-1024x576.jpg\" alt=\"\" class=\"wp-image-417\" srcset=\"http:\/\/www.jsmassicotte.com\/lappeldelaventure\/wp-content\/uploads\/2019\/05\/GPTempDownload-5-1024x576.jpg 1024w, http:\/\/www.jsmassicotte.com\/lappeldelaventure\/wp-content\/uploads\/2019\/05\/GPTempDownload-5-300x169.jpg 300w, http:\/\/www.jsmassicotte.com\/lappeldelaventure\/wp-content\/uploads\/2019\/05\/GPTempDownload-5-768x432.jpg 768w, http:\/\/www.jsmassicotte.com\/lappeldelaventure\/wp-content\/uploads\/2019\/05\/GPTempDownload-5.jpg 1920w\" sizes=\"auto, (max-width: 767px) 89vw, (max-width: 1000px) 54vw, (max-width: 1071px) 543px, 580px\" \/><figcaption>Jean-S\u00e9bastien Massicotte anime en compagnie de S\u00e9bastien Lapierre le principal podcast plein air Qu\u00e9b\u00e9cois. \u2014 Photo Jean-S\u00e9bastien Massicotte<\/figcaption><\/figure><\/div>\n\n\n\n<div class=\"wp-block-image\"><figure class=\"aligncenter size-large\"><img loading=\"lazy\" decoding=\"async\" width=\"1024\" height=\"695\" src=\"http:\/\/www.jsmassicotte.com\/lappeldelaventure\/wp-content\/uploads\/2020\/01\/balado14-1024x695.jpg\" alt=\"\" class=\"wp-image-1320\" srcset=\"http:\/\/www.jsmassicotte.com\/lappeldelaventure\/wp-content\/uploads\/2020\/01\/balado14-1024x695.jpg 1024w, http:\/\/www.jsmassicotte.com\/lappeldelaventure\/wp-content\/uploads\/2020\/01\/balado14-300x203.jpg 300w, http:\/\/www.jsmassicotte.com\/lappeldelaventure\/wp-content\/uploads\/2020\/01\/balado14-768x521.jpg 768w, http:\/\/www.jsmassicotte.com\/lappeldelaventure\/wp-content\/uploads\/2020\/01\/balado14-1536x1042.jpg 1536w, http:\/\/www.jsmassicotte.com\/lappeldelaventure\/wp-content\/uploads\/2020\/01\/balado14-2048x1389.jpg 2048w\" sizes=\"auto, (max-width: 767px) 89vw, (max-width: 1000px) 54vw, (max-width: 1071px) 543px, 580px\" \/><figcaption>S\u00e9bastien et Jean-S\u00e9bastien peuvent compter sur des collaborateurs de renom, \u00e0 commencer par leur collaboratrice famille Joanie St-Pierre de <a href=\"http:\/\/www.timoussedansbrousse.com\" target=\"_blank\" rel=\"noreferrer noopener\" aria-label=\"Ti-Mousse dans Brousse (s\u2019ouvre dans un nouvel onglet)\">Ti-Mousse dans Brousse<\/a>. \u2014 Photo Jean-S\u00e9bastien Massicotte<\/figcaption><\/figure><\/div>\n","protected":false},"excerpt":{"rendered":"<p>L\u2019Appel de l\u2019aventure, c\u2019est tout pour vous tenir inform\u00e9 et vous faire d\u00e9couvrir ce qui anime et fait vibrer la plan\u00e8te plein air. Actualit\u00e9s, exp\u00e9ditions, rencontres, petits et grands exploits sportifs d\u2019ici et d\u2019ailleurs, destinations, \u00e9quipements, activit\u00e9s et tendances. Vous serez tout simplement aux premi\u00e8res loges\u2026 Un magazine en baladodiffusion produit et anim\u00e9 par&nbsp;Jean-S\u00e9bastien Massicotte, &hellip; <\/p>\n<p class=\"link-more\"><a href=\"http:\/\/www.jsmassicotte.com\/lappeldelaventure\/a-propos\/\" class=\"more-link\">Continuer la lecture<span class=\"screen-reader-text\"> de &laquo; \u00c0 propos &raquo;<\/span><\/a><\/p>\n","protected":false},"author":1,"featured_media":0,"parent":0,"menu_order":0,"comment_status":"closed","ping_status":"closed","template":"","meta":{"footnotes":""},"class_list":["post-555","page","type-page","status-publish","hentry"],"_links":{"self":[{"href":"http:\/\/www.jsmassicotte.com\/lappeldelaventure\/wp-json\/wp\/v2\/pages\/555","targetHints":{"allow":["GET"]}}],"collection":[{"href":"http:\/\/www.jsmassicotte.com\/lappeldelaventure\/wp-json\/wp\/v2\/pages"}],"about":[{"href":"http:\/\/www.jsmassicotte.com\/lappeldelaventure\/wp-json\/wp\/v2\/types\/page"}],"author":[{"embeddable":true,"href":"http:\/\/www.jsmassicotte.com\/lappeldelaventure\/wp-json\/wp\/v2\/users\/1"}],"replies":[{"embeddable":true,"href":"http:\/\/www.jsmassicotte.com\/lappeldelaventure\/wp-json\/wp\/v2\/comments?post=555"}],"version-history":[{"count":6,"href":"http:\/\/www.jsmassicotte.com\/lappeldelaventure\/wp-json\/wp\/v2\/pages\/555\/revisions"}],"predecessor-version":[{"id":1322,"href":"http:\/\/www.jsmassicotte.com\/lappeldelaventure\/wp-json\/wp\/v2\/pages\/555\/revisions\/1322"}],"wp:attachment":[{"href":"http:\/\/www.jsmassicotte.com\/lappeldelaventure\/wp-json\/wp\/v2\/media?parent=555"}],"curies":[{"name":"wp","href":"https:\/\/api.w.org\/{rel}","templated":true}]}}

À propos

<p class="has-drop-cap has-medium-font-size"><em>L’Appel de l’aventure</em>, c’est tout pour vous tenir informé et vous faire découvrir ce qui anime et fait vibrer la planète plein air.</p>



<p>Actualités, expéditions, rencontres, petits et grands exploits sportifs d’ici et d’ailleurs, destinations, équipements, activités et tendances. Vous serez tout simplement aux premières loges…</p>



<p>Un magazine en baladodiffusion produit et animé par&nbsp;<a href="http://jsmassicotte.com/wppro2/bio/" target="_blank" rel="noreferrer noopener" aria-label=" (s’ouvre dans un nouvel onglet)">Jean-Sébastien Massicotte</a>, journaliste et chroniqueur plein air, et coanimé par l’aventurier&nbsp;<a rel="noreferrer noopener" href="https://www.facebook.com/sebastienlapierreaventurier/" target="_blank">Sébastien Lapierre</a>.</p>



<p>Bienvenue et bonne écoute!</p>



<div class="wp-block-image"><figure class="aligncenter"><img loading="lazy" decoding="async" width="1024" height="576" src="http://www.jsmassicotte.com/lappeldelaventure/wp-content/uploads/2019/05/GPTempDownload-5-1024x576.jpg" alt="" class="wp-image-417" srcset="http://www.jsmassicotte.com/lappeldelaventure/wp-content/uploads/2019/05/GPTempDownload-5-1024x576.jpg 1024w, http://www.jsmassicotte.com/lappeldelaventure/wp-content/uploads/2019/05/GPTempDownload-5-300x169.jpg 300w, http://www.jsmassicotte.com/lappeldelaventure/wp-content/uploads/2019/05/GPTempDownload-5-768x432.jpg 768w, http://www.jsmassicotte.com/lappeldelaventure/wp-content/uploads/2019/05/GPTempDownload-5.jpg 1920w" sizes="auto, (max-width: 767px) 89vw, (max-width: 1000px) 54vw, (max-width: 1071px) 543px, 580px" /><figcaption>Jean-Sébastien Massicotte anime en compagnie de Sébastien Lapierre le principal podcast plein air Québécois. — Photo Jean-Sébastien Massicotte</figcaption></figure></div>



<div class="wp-block-image"><figure class="aligncenter size-large"><img loading="lazy" decoding="async" width="1024" height="695" src="http://www.jsmassicotte.com/lappeldelaventure/wp-content/uploads/2020/01/balado14-1024x695.jpg" alt="" class="wp-image-1320" srcset="http://www.jsmassicotte.com/lappeldelaventure/wp-content/uploads/2020/01/balado14-1024x695.jpg 1024w, http://www.jsmassicotte.com/lappeldelaventure/wp-content/uploads/2020/01/balado14-300x203.jpg 300w, http://www.jsmassicotte.com/lappeldelaventure/wp-content/uploads/2020/01/balado14-768x521.jpg 768w, http://www.jsmassicotte.com/lappeldelaventure/wp-content/uploads/2020/01/balado14-1536x1042.jpg 1536w, http://www.jsmassicotte.com/lappeldelaventure/wp-content/uploads/2020/01/balado14-2048x1389.jpg 2048w" sizes="auto, (max-width: 767px) 89vw, (max-width: 1000px) 54vw, (max-width: 1071px) 543px, 580px" /><figcaption>Sébastien et Jean-Sébastien peuvent compter sur des collaborateurs de renom, à commencer par leur collaboratrice famille Joanie St-Pierre de <a href="http://www.timoussedansbrousse.com" target="_blank" rel="noreferrer noopener" aria-label="Ti-Mousse dans Brousse (s’ouvre dans un nouvel onglet)">Ti-Mousse dans Brousse</a>. — Photo Jean-Sébastien Massicotte</figcaption></figure></div>

<p>L’Appel de l’aventure, c’est tout pour vous tenir informé et vous faire découvrir ce qui anime et fait vibrer la planète plein air. Actualités, expéditions, rencontres, petits et grands exploits sportifs d’ici et d’ailleurs, destinations, équipements, activités et tendances. Vous serez tout simplement aux premières loges… Un magazine en baladodiffusion produit et animé par&nbsp;Jean-Sébastien Massicotte, &hellip; </p>
<p class="link-more"><a href="http://www.jsmassicotte.com/lappeldelaventure/a-propos/" class="more-link">Continuer la lecture<span class="screen-reader-text"> de &laquo; À propos &raquo;</span></a></p>
