{"id":589,"date":"2019-06-14T23:23:26","date_gmt":"2019-06-15T03:23:26","guid":{"rendered":"http:\/\/www.jsmassicotte.com\/lappeldelaventure\/?page_id=589"},"modified":"2020-02-21T18:55:06","modified_gmt":"2020-02-21T22:55:06","slug":"dans-les-medias","status":"publish","type":"page","link":"http:\/\/www.jsmassicotte.com\/lappeldelaventure\/dans-les-medias\/","title":{"rendered":"Dans les m\u00e9dias"},"content":{"rendered":"\n<p><a href=\"https:\/\/www.espaces.ca\/articles\/actualites\/8493-balados-du-plein-air-et-de-laventure-plein-les-oreilles?fbclid=IwAR37w5Ec7sBmgIYVbiQ56954qBHPGCU4LmGpJN8lXJ4Q9cYD3rOpcJ8d2ok\" target=\"_blank\" rel=\"noreferrer noopener\" aria-label=\"Espaces (s\u2019ouvre dans un nouvel onglet)\">Espaces<\/a>, le 21 f\u00e9vrier 2020<\/p>\n\n\n\n<iframe loading=\"lazy\" src=\"https:\/\/www.facebook.com\/plugins\/post.php?href=https%3A%2F%2Fwww.facebook.com%2Fespacespleinairquebecor%2Fposts%2F3047934815219352&#038;width=500\" width=\"500\" height=\"548\" style=\"border:none;overflow:hidden\" scrolling=\"no\" frameborder=\"0\" allowTransparency=\"true\" allow=\"encrypted-media\"><\/iframe>\n\n\n\n<hr class=\"wp-block-separator\"\/>\n\n\n\n<p>TVA Sports 2, <em><a rel=\"noreferrer noopener\" aria-label=\"Alexis le randonneur (s\u2019ouvre dans un nouvel onglet)\" href=\"https:\/\/www.alexisnantel.com\/medias\/television.html\" target=\"_blank\">Alexis le randonneur<\/a><\/em>, le 18 ao\u00fbt 2019<\/p>\n\n\n\n<p>Passage de S\u00e9bastien Lapierre comme invit\u00e9 \u00e0 l&rsquo;\u00e9mission d&rsquo;Alexis Nantel.<\/p>\n\n\n\n<figure class=\"wp-block-video\"><video height=\"1080\" style=\"aspect-ratio: 1920 \/ 1080;\" width=\"1920\" controls src=\"http:\/\/www.jsmassicotte.com\/lappeldelaventure\/wp-content\/uploads\/2019\/08\/IMG_2077.mov\"><\/video><\/figure>\n\n\n\n<iframe loading=\"lazy\" src=\"https:\/\/www.facebook.com\/plugins\/post.php?href=https%3A%2F%2Fwww.facebook.com%2Falexislerandonneur%2Fposts%2F433690654088452&#038;width=500\" width=\"500\" height=\"543\" style=\"border:none;overflow:hidden\" scrolling=\"no\" frameborder=\"0\" allowTransparency=\"true\" allow=\"encrypted-media\"><\/iframe>\n\n\n\n<hr class=\"wp-block-separator\"\/>\n\n\n\n<p><a href=\"https:\/\/www.lesoleil.com\/le-mag\/quoi-de-neuf-b193afd54db39f95d053d5528af3b092\/un-nouveau-balado-pour-aventuriers-ebfa0ffefa9da0f40782ea0507eb48a1?utm_source=dlvr.it&amp;utm_medium=facebook\" target=\"_blank\" rel=\"noreferrer noopener\" aria-label=\"Quotidien Le Soleil (s\u2019ouvre dans un nouvel onglet)\">Quotidien<\/a><em><a href=\"https:\/\/www.lesoleil.com\/le-mag\/quoi-de-neuf-b193afd54db39f95d053d5528af3b092\/un-nouveau-balado-pour-aventuriers-ebfa0ffefa9da0f40782ea0507eb48a1?utm_source=dlvr.it&amp;utm_medium=facebook\" target=\"_blank\" rel=\"noreferrer noopener\" aria-label=\"Quotidien Le Soleil (s\u2019ouvre dans un nouvel onglet)\"> Le Soleil<\/a><\/em>, le 1er juin 2019<\/p>\n\n\n\n<figure class=\"wp-block-image\"><img loading=\"lazy\" decoding=\"async\" width=\"834\" height=\"1024\" src=\"http:\/\/www.jsmassicotte.com\/lappeldelaventure\/wp-content\/uploads\/2019\/06\/pdf\u00b720190601\u00b7LS_P\u00b7m8-834x1024.jpg\" alt=\"\" class=\"wp-image-590\" srcset=\"http:\/\/www.jsmassicotte.com\/lappeldelaventure\/wp-content\/uploads\/2019\/06\/pdf\u00b720190601\u00b7LS_P\u00b7m8-834x1024.jpg 834w, http:\/\/www.jsmassicotte.com\/lappeldelaventure\/wp-content\/uploads\/2019\/06\/pdf\u00b720190601\u00b7LS_P\u00b7m8-244x300.jpg 244w, http:\/\/www.jsmassicotte.com\/lappeldelaventure\/wp-content\/uploads\/2019\/06\/pdf\u00b720190601\u00b7LS_P\u00b7m8-768x943.jpg 768w\" sizes=\"auto, (max-width: 767px) 89vw, (max-width: 1000px) 54vw, (max-width: 1071px) 543px, 580px\" \/><\/figure>\n\n\n\n<figure><iframe loading=\"lazy\" src=\"https:\/\/www.facebook.com\/plugins\/post.php?href=https%3A%2F%2Fwww.facebook.com%2Flesoleildequebec%2Fposts%2F3325105797514886&amp;width=500\" width=\"500\" height=\"529\"><\/iframe><\/figure>\n\n\n\n<hr class=\"wp-block-separator\"\/>\n\n\n\n<p><a href=\"https:\/\/www.espaces.ca\/articles\/actualites\/6233-lappel-de-laventure-la-nouvelle-balado-de-jean-sebastien-massicotte\" target=\"_blank\" rel=\"noreferrer noopener\" aria-label=\"Magazine Espaces (s\u2019ouvre dans un nouvel onglet)\">Magazine <\/a><em><a href=\"https:\/\/www.espaces.ca\/articles\/actualites\/6233-lappel-de-laventure-la-nouvelle-balado-de-jean-sebastien-massicotte\" target=\"_blank\" rel=\"noreferrer noopener\" aria-label=\"Magazine Espaces (s\u2019ouvre dans un nouvel onglet)\">Espaces<\/a><\/em>, le 27 mai 2019<\/p>\n\n\n\n<iframe loading=\"lazy\" src=\"https:\/\/www.facebook.com\/plugins\/post.php?href=https%3A%2F%2Fwww.facebook.com%2Fespacespleinairquebecor%2Fposts%2F2491281040884735&#038;width=500&#038;show_text=true&#038;height=505&#038;appId\" width=\"500\" height=\"505\" style=\"border:none;overflow:hidden\" scrolling=\"no\" frameborder=\"0\" allowTransparency=\"true\" allow=\"encrypted-media\"><\/iframe>\n","protected":false},"excerpt":{"rendered":"<p>Espaces, le 21 f\u00e9vrier 2020 TVA Sports 2, Alexis le randonneur, le 18 ao\u00fbt 2019 Passage de S\u00e9bastien Lapierre comme invit\u00e9 \u00e0 l&rsquo;\u00e9mission d&rsquo;Alexis Nantel. Quotidien Le Soleil, le 1er juin 2019 Magazine Espaces, le 27 mai 2019<\/p>\n","protected":false},"author":1,"featured_media":0,"parent":0,"menu_order":0,"comment_status":"closed","ping_status":"closed","template":"","meta":{"footnotes":""},"class_list":["post-589","page","type-page","status-publish","hentry"],"_links":{"self":[{"href":"http:\/\/www.jsmassicotte.com\/lappeldelaventure\/wp-json\/wp\/v2\/pages\/589","targetHints":{"allow":["GET"]}}],"collection":[{"href":"http:\/\/www.jsmassicotte.com\/lappeldelaventure\/wp-json\/wp\/v2\/pages"}],"about":[{"href":"http:\/\/www.jsmassicotte.com\/lappeldelaventure\/wp-json\/wp\/v2\/types\/page"}],"author":[{"embeddable":true,"href":"http:\/\/www.jsmassicotte.com\/lappeldelaventure\/wp-json\/wp\/v2\/users\/1"}],"replies":[{"embeddable":true,"href":"http:\/\/www.jsmassicotte.com\/lappeldelaventure\/wp-json\/wp\/v2\/comments?post=589"}],"version-history":[{"count":12,"href":"http:\/\/www.jsmassicotte.com\/lappeldelaventure\/wp-json\/wp\/v2\/pages\/589\/revisions"}],"predecessor-version":[{"id":1387,"href":"http:\/\/www.jsmassicotte.com\/lappeldelaventure\/wp-json\/wp\/v2\/pages\/589\/revisions\/1387"}],"wp:attachment":[{"href":"http:\/\/www.jsmassicotte.com\/lappeldelaventure\/wp-json\/wp\/v2\/media?parent=589"}],"curies":[{"name":"wp","href":"https:\/\/api.w.org\/{rel}","templated":true}]}}

Dans les médias

<p><a href="https://www.espaces.ca/articles/actualites/8493-balados-du-plein-air-et-de-laventure-plein-les-oreilles?fbclid=IwAR37w5Ec7sBmgIYVbiQ56954qBHPGCU4LmGpJN8lXJ4Q9cYD3rOpcJ8d2ok" target="_blank" rel="noreferrer noopener" aria-label="Espaces (s’ouvre dans un nouvel onglet)">Espaces</a>, le 21 février 2020</p>



<iframe loading="lazy" src="https://www.facebook.com/plugins/post.php?href=https%3A%2F%2Fwww.facebook.com%2Fespacespleinairquebecor%2Fposts%2F3047934815219352&#038;width=500" width="500" height="548" style="border:none;overflow:hidden" scrolling="no" frameborder="0" allowTransparency="true" allow="encrypted-media"></iframe>



<hr class="wp-block-separator"/>



<p>TVA Sports 2, <em><a rel="noreferrer noopener" aria-label="Alexis le randonneur (s’ouvre dans un nouvel onglet)" href="https://www.alexisnantel.com/medias/television.html" target="_blank">Alexis le randonneur</a></em>, le 18 août 2019</p>



<p>Passage de Sébastien Lapierre comme invité à l&rsquo;émission d&rsquo;Alexis Nantel.</p>



<figure class="wp-block-video"><video height="1080" style="aspect-ratio: 1920 / 1080;" width="1920" controls src="http://www.jsmassicotte.com/lappeldelaventure/wp-content/uploads/2019/08/IMG_2077.mov"></video></figure>



<iframe loading="lazy" src="https://www.facebook.com/plugins/post.php?href=https%3A%2F%2Fwww.facebook.com%2Falexislerandonneur%2Fposts%2F433690654088452&#038;width=500" width="500" height="543" style="border:none;overflow:hidden" scrolling="no" frameborder="0" allowTransparency="true" allow="encrypted-media"></iframe>



<hr class="wp-block-separator"/>



<p><a href="https://www.lesoleil.com/le-mag/quoi-de-neuf-b193afd54db39f95d053d5528af3b092/un-nouveau-balado-pour-aventuriers-ebfa0ffefa9da0f40782ea0507eb48a1?utm_source=dlvr.it&amp;utm_medium=facebook" target="_blank" rel="noreferrer noopener" aria-label="Quotidien Le Soleil (s’ouvre dans un nouvel onglet)">Quotidien</a><em><a href="https://www.lesoleil.com/le-mag/quoi-de-neuf-b193afd54db39f95d053d5528af3b092/un-nouveau-balado-pour-aventuriers-ebfa0ffefa9da0f40782ea0507eb48a1?utm_source=dlvr.it&amp;utm_medium=facebook" target="_blank" rel="noreferrer noopener" aria-label="Quotidien Le Soleil (s’ouvre dans un nouvel onglet)"> Le Soleil</a></em>, le 1er juin 2019</p>



<figure class="wp-block-image"><img loading="lazy" decoding="async" width="834" height="1024" src="http://www.jsmassicotte.com/lappeldelaventure/wp-content/uploads/2019/06/pdf·20190601·LS_P·m8-834x1024.jpg" alt="" class="wp-image-590" srcset="http://www.jsmassicotte.com/lappeldelaventure/wp-content/uploads/2019/06/pdf·20190601·LS_P·m8-834x1024.jpg 834w, http://www.jsmassicotte.com/lappeldelaventure/wp-content/uploads/2019/06/pdf·20190601·LS_P·m8-244x300.jpg 244w, http://www.jsmassicotte.com/lappeldelaventure/wp-content/uploads/2019/06/pdf·20190601·LS_P·m8-768x943.jpg 768w" sizes="auto, (max-width: 767px) 89vw, (max-width: 1000px) 54vw, (max-width: 1071px) 543px, 580px" /></figure>



<figure><iframe loading="lazy" src="https://www.facebook.com/plugins/post.php?href=https%3A%2F%2Fwww.facebook.com%2Flesoleildequebec%2Fposts%2F3325105797514886&amp;width=500" width="500" height="529"></iframe></figure>



<hr class="wp-block-separator"/>



<p><a href="https://www.espaces.ca/articles/actualites/6233-lappel-de-laventure-la-nouvelle-balado-de-jean-sebastien-massicotte" target="_blank" rel="noreferrer noopener" aria-label="Magazine Espaces (s’ouvre dans un nouvel onglet)">Magazine </a><em><a href="https://www.espaces.ca/articles/actualites/6233-lappel-de-laventure-la-nouvelle-balado-de-jean-sebastien-massicotte" target="_blank" rel="noreferrer noopener" aria-label="Magazine Espaces (s’ouvre dans un nouvel onglet)">Espaces</a></em>, le 27 mai 2019</p>



<iframe loading="lazy" src="https://www.facebook.com/plugins/post.php?href=https%3A%2F%2Fwww.facebook.com%2Fespacespleinairquebecor%2Fposts%2F2491281040884735&#038;width=500&#038;show_text=true&#038;height=505&#038;appId" width="500" height="505" style="border:none;overflow:hidden" scrolling="no" frameborder="0" allowTransparency="true" allow="encrypted-media"></iframe>

<p>Espaces, le 21 février 2020 TVA Sports 2, Alexis le randonneur, le 18 août 2019 Passage de Sébastien Lapierre comme invité à l&rsquo;émission d&rsquo;Alexis Nantel. Quotidien Le Soleil, le 1er juin 2019 Magazine Espaces, le 27 mai 2019</p>
